2*u**3/3 + 2*u**2 + 3*u - 9. Suppose 5*l + 5*y + 35 = 0, 6 = -y + 1. Let b be c(l). Calculate t(b).
5
Let a(x) = -7*x**2 + x - 12. Let l(u) = -13*u**2 + u - 23. Let q(m) = -m**2 - 9*m - 7. Let t be q(-3). Let j(p) = t*a(p) - 6*l(p). Let g = 7 - 12. What is j(g)?
6
Let l(k) = -14*k**2 + 3*k + 20. Let t(b) = -5*b**2 + b + 7. Let v(r) = -6*l(r) + 17*t(r). Let d(f) = 3*f + 6. Let q be d(-3). Determine v(q).
-7
Let n(t) = 79*t - 16*t - 25*t - 23*t - 17*t. What is n(-2)?
4
Let o(j) = -j + 4. Suppose -c = -221 + 215. What is o(c)?
-2
Let w be (36/14)/(10 + 274/(-28)). Let g(j) = 2*j - 15. Determine g(w).
9
Let z(b) be the first derivative of -3 + 5*b + 1/2*b**2. Give z(-3).
2
Suppose -5*j - 27 = 4*j. Let d(v) = v**3 + 2*v**2 - 2*v + 3. Calculate d(j).
0
Let n(g) be the first derivative of g**4/4 - 5*g**3/3 + 3*g**2 - g + 33. Let t be 8/20 - (-13)/5. Suppose 0 = 2*m - t*m + 4. What is n(m)?
7
Suppose -4*z = 5*z + 27. Let l be (3/z)/(3 + (-5)/2). Let j(p) = -7*p + 1. Give j(l).
15
Let x = -128 + 134. Let k(p) = 4*p - 4. Calculate k(x).
20
Let a(p) = 4*p - 5. Let t be 3 + 25/(200/32). What is a(t)?
23
Let y(l) = 2*l + 7. Let s = 22 - 29. Calculate y(s).
-7
Let s(f) be the first derivative of 3*f**2/2 + 31*f + 929. What is s(-9)?
4
Let g(h) = h + 41. Let j(p) = p + 47. Let k(y) = 5*g(y) - 4*j(y). Determine k(-6).
11
Let x(f) = -f**2 - 10*f - 12. Let o = -625 + 619. Determine x(o).
12
Let d = 712 - 718. Let w(f) = f + 7. Determine w(d).
1
Let b(g) = g**3 + 7*g**2 + 7*g + 4. Let w(k) = -k + 9. Let l be w(7). Let v(d) = -l + 0 - 9 - d + 0*d. Let u be v(-5). What is b(u)?
-2
Let l(s) be the first derivative of -s**4/4 + 8*s**3/3 - 5*s**2/2 + 9*s + 271. What is l(7)?
23
Suppose -10*l = -9*l - 2. Let i(t) be the first derivative of -2*t - l + 1/2*t**2. Determine i(5).
3
Let h(a) = -2 + a + 35*a**2 - 5 + 3 - 36*a**2. Suppose -3*w - 3*n = -27, -2*w + 2*n - 1 - 1 = 0. Determine h(w).
-16
Let b(f) = f**3 + f**2 - 2*f + 1. Suppose -3*l = -11*l + 168. Let o = 22 - l. Determine b(o).
1
Suppose -23*a = -21*a - 4. Let z(m) = -6*m**2 + a*m + 9 - 4*m - 34*m**3 + 35*m**3. Give z(6).
-3
Let t(n) = n**2 - 24*n + 28. Let c be t(23). Let u(f) = -f**3 + 6*f**2 - 4*f - 12. What is u(c)?
-7
Suppose -n = -6*q + 2*q + 12, n = -5*q + 15. Let i(k) be the first derivative of -4 - 1/3*k**3 + 3/2*k**2 + 0*k. Calculate i(q).
0
Let a(o) be the third derivative of o**6/120 - o**5/15 - o**4/24 + 2*o**3/3 - 18*o**2 + 1. What is a(4)?
0
Suppose 2*u - 3*l = -9, 6 = -5*u + 7*l - 5*l. Let s(r) = 2*r - 13. Give s(u).
-13
Let o(w) = -14 + 16*w + 6 + 19*w + 18*w - 54*w. Suppose 2 = -2*t - 14. Determine o(t).
0
Suppose -105 = 12*h - 27*h. Let y(w) = w**2 - 6*w + 2. What is y(h)?
9
Let x(m) = -m + 1. Let p be (4 - 0) + -9 - 1. Let y = p + 13. Let g be 1*(2 - y - -4). Determine x(g).
2
Let r(b) = -2*b**2 - 9*b. Let f be r(-6). Let x = f - -13. Let l be (-2)/x - (-10)/(-25). Let y(w) = -w**2 + w + 12. What is y(l)?
12
Let u(t) = 2*t - 1. Suppose -r = -7 + 5. Suppose 0 = -r*b - 4 - 0. Let p be -1 + (3 - (1 - b)). What is u(p)?
-3
Let l(w) = 43*w. Let u(q) = 107*q + 1. Let m(b) = -5*l(b) + 2*u(b). What is m(-4)?
6
Let q = 495 - 491. Let s(r) = -r**2 + 5*r + 2. Determine s(q).
6
Let a(l) = -1. Let p(j) = j + 1. Let x(r) = 6*a(r) - p(r). Let u be x(-5). Let b(o) = o**3 + 2*o + 2. What is b(u)?
-10
Suppose 0 = -3*j - 4*j - 35. Suppose -2*o = 3*o. Let g(y) = 2*y**2 + y**3 - 7*y + o*y**2 + 2*y**2 - y**2. Calculate g(j).
-15
Let w(f) = 9*f - 9. Let s(r) = -6*r + 4. Let a(n) = -5*s(n) - 3*w(n). What is a(-3)?
-2
Let n be (4/(-14))/((-4)/14) - 6. Let m(i) = 2*i**2 + 8*i + 4. Give m(n).
14
Let j(z) = -115 - 114 - 3*z + 266. Determine j(11).
4
Suppose -c = -2*j - 2*j - 42, 3*c = 6. Let a(z) = -z + 11. Let w(i) = 2*i - 12. Let o(s) = 3*a(s) + 2*w(s). What is o(j)?
-1
Suppose -2*i + 3*d = -i + 8, 2*d = 5*i + 79. Let f = i - -21. Let h(a) = -3*a**2 + 5*a + 3. Let r(b) = b**2 - b. Let y(o) = h(o) + r(o). What is y(f)?
-13
Suppose 4*v = g - 11, -g - 5*v - 35 = 2*g. Let o(t) = 8*t. Determine o(g).
-40
Let v = 16038 - 16042. Let p(l) be the first derivative of -l**5/60 + l**4/24 - l**3/3 - 1. Let g(z) be the third derivative of p(z). What is g(v)?
9
Let m(z) = 7*z + 15 - 6*z + 16 - 32. Calculate m(0).
-1
Let c(v) = v**2 - v - 2. Suppose -3*d + q - 5 = 0, 3*q - 8 - 7 = d. What is c(d)?
-2
Suppose -4*r - 2 = -2*r. Let d = r + 4. Let i(s) = -d - 14*s - 3*s + 2. Determine i(-1).
16
Let x(b) = 3*b - 7. Let w be (-10)/4*(-24)/(-10). Calculate x(w).
-25
Suppose -5*i + 0*i + 5*q - 25 = 0, 0 = -3*i - 4*q + 20. Suppose -2 + 20 = 2*c - 3*k, 3*c + 2*k - 14 = i. Let w(l) = 5 - l + 11 - 19 + 7. Determine w(c).
-2
Suppose -a = -3*u - 43, 15 = -u - 2*u. Let c be 24/(-14) - 8/a. Let b(r) be the second derivative of r**3 - r**2/2 + 14*r. Determine b(c).
-13
Let v be 50/30 + (-2)/(-6). Let x(q) = -q**2 + 12*q**v - 2 - 10*q**2. Give x(-3).
7
Suppose -2*x - 5*t + 5 = 3*x, 0 = 4*x - t - 4. Let q(o) be the third derivative of -1/20*o**6 + 0 - 1/6*o**3 + 0*o - o**2 + 1/30*o**5 + 0*o**4. Give q(x).
-5
Let l(n) = 1 - 8 - 106*n**2 - 111*n**2 + 10*n + 218*n**2. Determine l(-11).
4
Let b(o) = -2*o + 1. Suppose 4*s + 2*x + 18 = 0, -x - 14 = 4*s + 5. Let y(t) = 12*t - 1. Let q(k) = s*b(k) - y(k). What is q(-6)?
8
Let w = -34 + 36. Let f(s) = 388 - 2*s - 388 + w*s**2. Calculate f(2).
4
Let x(q) = q**2 + 8*q - 23. Suppose -m - 3*k - 12 = 0, 4*m + 20 = 4*k - 12. Give x(m).
-14
Let n(v) be the first derivative of v**6/120 + v**5/15 + v**4/4 + 5*v**3/6 - 7*v**2/2 + 2*v + 12. Let k(x) be the second derivative of n(x). What is k(-4)?
-19
Let q(o) = 5*o**3 - 5*o**2 + 4. Let j be 8/5*(-45)/18. Let g(u) = 3*u**3 - 3*u**2 + 2. Let s(m) = j*q(m) + 7*g(m). What is s(0)?
-2
Let m(y) = 15*y + 20 - 32*y + 15*y. Give m(14).
-8
Let b(m) = -4*m**2 + 4*m - 6. Let q(y) = 9*y**2 - 7*y + 12. Let z(a) = -7*b(a) - 3*q(a). Let k = 36 - 32. Calculate z(k).
-6
Let b(f) = f**3 + 92 - 2*f + 2*f**2 - 92. Suppose 7 = -4*l + 11. Let x be (-20)/20*(l + 2). Determine b(x).
-3
Suppose 0 = -0*q - 3*q + 24. Let j(f) = f**3 - 9*f**2 + 9*f - 6. Let t be j(q). Let a(i) = 3*i - 9 + 18 - 7. Determine a(t).
8
Suppose 17 = 4*o + h, 2*o + h - 5 = 4*h. Let r(w) = w + o*w - 13*w - 2. Give r(-2).
14
Let x(a) = -a - 2. Let h be -3*((-20)/6)/2. Suppose 27 = -5*u - 3*b, h = -u + b - 2. Let l be (u/7)/(2/(-14)). What is x(l)?
-8
Let h(q) = 4*q + 19. Let o be h(-3). Let d be o/(231/270) + (-8)/44. Let l(t) = t**3 - 7*t**2 - 6*t - 11. What is l(d)?
5
Let d(a) = -a. Let h(x) = 5*x - 5. Let p(u) = 3*d(u) + h(u). Suppose 5*v = v + 28. Determine p(v).
9
Let c(o) = 4 - 4*o + 0 - 3. Suppose -2*r + 22 = 2*p, 4*p + r - 30 = 8. Suppose 2*z - 2*m - m = -4, -5*m = -z - p. What is c(z)?
-3
Let z(y) be the second derivative of -5/6*y**3 + 0 - 5/2*y**2 + 1/12*y**4 + 16*y. What is z(6)?
1
Let o(t) = -3*t**2 - 4*t + 5. Let f(l) = -4*l**2 - 5*l + 4. Let w(c) = -2*f(c) + 3*o(c). Give w(-7).
-28
Suppose 2*v = 5*j - 20, -3*v - 25 = -5*j - 0*v. Let c(h) = -9*h**2 - 2*h - 1. Let f(d) = -d**2. Let q(o) = j*f(o) - c(o). Give q(-1).
6
Let o(s) = -s**3 + s**2 - 2*s + 8. Let q(b) = -b**2 + 14*b - 45. Let x be q(9). Calculate o(x).
8
Let l(o) be the first derivative of 2*o**3 + 3*o**2/2 - 3*o + 5. Let k(u) = -u**2 - 1. Let p(s) = -5*k(s) - l(s). Give p(-6).
-10
Suppose 0*l - 8 = -4*l. Suppose 2*u - 6 + l = 0, 3*h - 37 = 4*u. Let t = h + -15. Let f(w) = -w**2 + 8. What is f(t)?
8
Let b(v) = -v**2 - v - 1. Let h(f) = f. Let r(q) = b(q) + 3*h(q). Let a(u) = 47*u - 566. Let g be a(12). Determine r(g).
-9
Let z(x) = 13*x + 46. Let p be z(-4). Let m(c) be the second derivative of c**5/20 + c**4/2 - 2*c**2 + 4*c. Give m(p).
-4
Let n = 184 - 127. Let h = 53 - n. Let a(q) = -5*q - 6. Calculate a(h).
14
Let x(k) = k - 2. Suppose 4*d - 29 = -p, 3*p - 13 = -5*d + 46. Calculate x(p).
11
Let f(l) = 8*l**2 + l. Suppose r = n, -n - 1 - 7 = -5*r. Let o be -3 + (1 - n/4*-2). Give f(o).
7
Let h(c) = 13*c - 3*c + 4 - 4*c - c**2 + 0 + 5. Give h(9).
-18
Let o(y) = y**2 + y + 1. Let i be o(-2). Let f(b) = -3*b + 6014*b**2 + 6017*b**2 + 1 - 12029*b**2. Give f(i).
10
Let h(q) = -q**2 + 7*q + 4. Suppose 0 = 5*f - 0*f - 2*m - 86, 0 = -4*f - 4*m + 52. Suppose -5*y - f = -11. Let u = y - -8. What is h(u)?
4
Let x = -824 - -828. Let u(t) = t**3 - 4*t**2 + 